{"id":47,"date":"2017-10-01T21:00:49","date_gmt":"2017-10-01T19:00:49","guid":{"rendered":"http:\/\/sy-maya.de\/home\/?page_id=47"},"modified":"2022-07-02T12:26:12","modified_gmt":"2022-07-02T10:26:12","slug":"startseite","status":"publish","type":"page","link":"https:\/\/www.sy-maya.de\/home\/","title":{"rendered":"Home"},"content":{"rendered":"<p>Die Reise durch das Leben und durch die Welt hat angefangen! Auf dieser Seite erz\u00e4hlen ich von meiner Reise mit meinem Segelboot \u201eMAYA\u201c (einer <a href=\"https:\/\/www.sy-maya.de\/home\/najad-34-segelyacht-mit-centercockpit\/\">Najad 34<\/a>). \u201e<a href=\"https:\/\/www.sy-maya.de\/home\/ueber-uns\/\">Ich<\/a>\u201c darf mich vielleicht auch kurz vorstellen. Meine Name ist Tobias. Ich habe die letzten Jahre vor der Abreise in Frankfurt am Main gelebt. Allerdings bin ich geb\u00fcrtiger Franke (aus Erlangen). Das Blauwassersegeln wurde mir also nicht unbedingt in die Wiege gelegt, aber trotzdem liebe ich die Sonne, den Wind und das Meer. Ich lieben mein Segelboot und das Segeln.<\/p>\n<p style=\"text-align: left;\">Ich bin bereits im August 2017 in <a href=\"https:\/\/www.sy-maya.de\/home\/2017\/08\/01\/start\/\">Lemmer\/Niederlande<\/a> gestartet, habe dann allerdings das Boot noch ein gutes Jahr in <a href=\"https:\/\/www.sy-maya.de\/home\/2019\/01\/16\/der-start-in-lissabon\/\">Lissabon\/Portugal<\/a> gelassen, bevor die weitere Reise beginnen konnte. Anfang 2019 bin ich als \u201eVollzeitsegler\u201c gestartet. Ich folge grob der sogenannten <a href=\"https:\/\/www.sy-maya.de\/home\/route\/\"><em>Barfussroute<\/em><\/a>. D.h. der sch\u00f6nen Route durch warme L\u00e4nder (wo man keine Schuhe ben\u00f6tigt). Allerdings weiche ich auch ab, wenn ich denke, dass abseits der Route f\u00fcr mich interessante Ziele liegen. L\u00e4nder in <a href=\"https:\/\/www.sy-maya.de\/home\/category\/lateinamerika\/\">S\u00fcdamerika <\/a>(<a href=\"https:\/\/www.sy-maya.de\/home\/2019\/10\/15\/kolumbien-ueberraschend-schoen\/\">Kolumbien<\/a> und <a href=\"https:\/\/www.sy-maya.de\/home\/2020\/03\/07\/ecuador-ein-land-das-viel-zu-bieten-hat\/\">Ecuador<\/a>) sind daf\u00fcr Beispiele. Ich habe bislang \u00fcber 16000 Seemeilen zur\u00fcckgelegt und dabei 16 L\u00e4nder und 4 Kontinente besucht, den <a href=\"https:\/\/www.sy-maya.de\/home\/2019\/04\/23\/transatlantikpassage-von-den-kapverden-in-die-karibik\/\">Atlanik<\/a> \u00fcberquert und die <a href=\"https:\/\/www.sy-maya.de\/home\/category\/karibik\/\">Karibik<\/a> durchsegelt. Jetzt bin ich im <a href=\"https:\/\/www.sy-maya.de\/home\/category\/ozeanien\/\">S\u00fcdpazifik<\/a> unterwegs. Seit August 2021 allerdings nicht mehr als Vollzeitsegler, weil ich in Thailand eine Besch\u00e4ftigung angenommen habe. Es ist sicherlich nicht immer einfach mit dem Segelboot zu reisen, aber ich habe die Entscheidung noch nicht bereut, dass ich mich auf dieses Abenteuer eingelassen habe.<\/p>\n<p>Ich berichte hier in unregelm\u00e4\u00dfigen Abst\u00e4nden von meiner Reise. Dabei schreibe ich nicht nur vom Segeln, sondern auch von Land und Leuten und was auch immer ich sonst noch f\u00fcr berichtenswert halte.<\/p>\n<p>Zus\u00e4tzlich poste ich auch manchmal auf <a href=\"https:\/\/www.instagram.com\/sy_maya_sailing\/\">Instagram<\/a> (weil es einfach schneller geht als einen ausf\u00fchrlichen Blog Artikel zu schreiben). Ich hoffe mit dieser Webseite dazu beizuragen, dass auch andere ein wenig an meiner Reise teilhaben k\u00f6nnen und w\u00fcnsche allen Lesern viel Spa\u00df und allzeit guten Wind!<\/p>\n\n\n    <div id=\"wdi_feed_0\" class=\"wdi_feed_main_container wdi_layout_th wdi_feed_theme_1 wdi_feed_thumbnail_1\"  >\n      <div class=\"wdi_js_error\">Something is wrong.<br \/><\/div><div class=\"wdi_token_error wdi_hidden\">Instagram token error.<\/div><div class=\"wdi_private_feed_error wdi_hidden\"><span><\/span><\/div><div class=\"wdi_check_fontawesome wdi_hidden\"><i><\/i><\/div>      <div id=\"wdi_spider_popup_loading_0\" class=\"wdi_spider_popup_loading\"><\/div>\n      <div id=\"wdi_spider_popup_overlay_0\" class=\"wdi_spider_popup_overlay\" onclick=\"wdi_spider_destroypopup(1000)\"><\/div>\n      <div class=\"wdi_feed_container\">\n        <div class=\"wdi_feed_info\">\n          <div id=\"wdi_feed_0_header\" class='wdi_feed_header'><\/div>\n          <div id=\"wdi_feed_0_users\" class='wdi_feed_users'>\n                  <div class=\"wdi_single_user\">\n        <div class=\"wdi_header_user_text \">\n                                <div class=\"wdi_user_controls\">\n              <div class=\"wdi_follow_btn\"\n                   onclick=\"window.open('\/\/instagram.com\/sy_maya_sailing','_blank')\">\n                <span>Follow<\/span>\n              <\/div>\n            <\/div>\n                                      <\/div>\n      <\/div>\n      <div class=\"wdi_clear\"><\/div>\n                <\/div>\n        <\/div>\n                <div class=\"wdi_feed_wrapper wdi_col_3\" wdi-res='wdi_col_3'><\/div>\n        <div class=\"wdi_clear\"><\/div>\n              <\/div>\n      <div class=\"wdi_front_overlay\"><\/div>\n    <\/div>\n        <script><\/script>    \n","protected":false},"excerpt":{"rendered":"<p>Die Reise durch das Leben und durch die Welt hat angefangen! Auf dieser Seite erz\u00e4hlen ich von meiner Reise mit meinem Segelboot \u201eMAYA\u201c (einer Najad 34). \u201eIch\u201c darf mich vielleicht [&hellip;]<\/p>\n","protected":false},"author":1,"featured_media":1581,"parent":0,"menu_order":0,"comment_status":"closed","ping_status":"closed","template":"","meta":{"_exactmetrics_skip_tracking":false,"_exactmetrics_sitenote_active":false,"_exactmetrics_sitenote_note":"","_exactmetrics_sitenote_category":0,"footnotes":""},"yoast_head":"<!-- This site is optimized with the Yoast SEO plugin v23.5 - https:\/\/yoast.com\/wordpress\/plugins\/seo\/ -->\n<title>Home &#8211; SY-Maya.de Segelblog von Tobias Endre\u00df<\/title>\n<meta name=\"description\" content=\"Segelyacht Maya: Das Reise- und Segelblog von Tobias Endre\u00df. Ich schreibe \u00fcber meine Weltreise mit einer Najad 34 Segelyacht auf der Barfu\u00dfrute.\" \/>\n<meta name=\"robots\" content=\"index, follow, max-snippet:-1, max-image-preview:large, max-video-preview:-1\" \/>\n<link rel=\"canonical\" href=\"https:\/\/www.sy-maya.de\/home\/\" \/>\n<meta property=\"og:locale\" content=\"de_DE\" \/>\n<meta property=\"og:type\" content=\"article\" \/>\n<meta property=\"og:title\" content=\"Home &#8211; SY-Maya.de Segelblog von Tobias Endre\u00df\" \/>\n<meta property=\"og:description\" content=\"Segelyacht Maya: Das Reise- und Segelblog von Tobias Endre\u00df. Ich schreibe \u00fcber meine Weltreise mit einer Najad 34 Segelyacht auf der Barfu\u00dfrute.\" \/>\n<meta property=\"og:url\" content=\"https:\/\/www.sy-maya.de\/home\/\" \/>\n<meta property=\"og:site_name\" content=\"SY-Maya.de\" \/>\n<meta property=\"article:modified_time\" content=\"2022-07-02T10:26:12+00:00\" \/>\n<meta property=\"og:image\" content=\"https:\/\/www.sy-maya.de\/home\/wp-content\/uploads\/2019\/06\/Yacht_Maya_Falmouth-1.jpg\" \/>\n\t<meta property=\"og:image:width\" content=\"2016\" \/>\n\t<meta property=\"og:image:height\" content=\"1512\" \/>\n\t<meta property=\"og:image:type\" content=\"image\/jpeg\" \/>\n<meta name=\"twitter:card\" content=\"summary_large_image\" \/>\n<meta name=\"twitter:label1\" content=\"Gesch\u00e4tzte Lesezeit\" \/>\n\t<meta name=\"twitter:data1\" content=\"2\u00a0Minuten\" \/>\n<script type=\"application\/ld+json\" class=\"yoast-schema-graph\">{\"@context\":\"https:\/\/schema.org\",\"@graph\":[{\"@type\":\"WebPage\",\"@id\":\"https:\/\/www.sy-maya.de\/home\/\",\"url\":\"https:\/\/www.sy-maya.de\/home\/\",\"name\":\"Home &#8211; SY-Maya.de Segelblog von Tobias Endre\u00df\",\"isPartOf\":{\"@id\":\"https:\/\/www.sy-maya.de\/home\/#website\"},\"primaryImageOfPage\":{\"@id\":\"https:\/\/www.sy-maya.de\/home\/#primaryimage\"},\"image\":{\"@id\":\"https:\/\/www.sy-maya.de\/home\/#primaryimage\"},\"thumbnailUrl\":\"https:\/\/www.sy-maya.de\/home\/wp-content\/uploads\/2019\/06\/Yacht_Maya_Falmouth-1.jpg\",\"datePublished\":\"2017-10-01T19:00:49+00:00\",\"dateModified\":\"2022-07-02T10:26:12+00:00\",\"description\":\"Segelyacht Maya: Das Reise- und Segelblog von Tobias Endre\u00df. Ich schreibe \u00fcber meine Weltreise mit einer Najad 34 Segelyacht auf der Barfu\u00dfrute.\",\"breadcrumb\":{\"@id\":\"https:\/\/www.sy-maya.de\/home\/#breadcrumb\"},\"inLanguage\":\"de\",\"potentialAction\":[{\"@type\":\"ReadAction\",\"target\":[\"https:\/\/www.sy-maya.de\/home\/\"]}]},{\"@type\":\"ImageObject\",\"inLanguage\":\"de\",\"@id\":\"https:\/\/www.sy-maya.de\/home\/#primaryimage\",\"url\":\"https:\/\/www.sy-maya.de\/home\/wp-content\/uploads\/2019\/06\/Yacht_Maya_Falmouth-1.jpg\",\"contentUrl\":\"https:\/\/www.sy-maya.de\/home\/wp-content\/uploads\/2019\/06\/Yacht_Maya_Falmouth-1.jpg\",\"width\":2016,\"height\":1512,\"caption\":\"Yacht MAYA\"},{\"@type\":\"BreadcrumbList\",\"@id\":\"https:\/\/www.sy-maya.de\/home\/#breadcrumb\",\"itemListElement\":[{\"@type\":\"ListItem\",\"position\":1,\"name\":\"Startseite\",\"item\":\"https:\/\/www.sy-maya.de\/home\/\"},{\"@type\":\"ListItem\",\"position\":2,\"name\":\"Home\"}]},{\"@type\":\"WebSite\",\"@id\":\"https:\/\/www.sy-maya.de\/home\/#website\",\"url\":\"https:\/\/www.sy-maya.de\/home\/\",\"name\":\"SY-Maya.de\",\"description\":\"Cruising and Living\",\"publisher\":{\"@id\":\"https:\/\/www.sy-maya.de\/home\/#\/schema\/person\/c5267d9235b4e39503e75a219168c270\"},\"potentialAction\":[{\"@type\":\"SearchAction\",\"target\":{\"@type\":\"EntryPoint\",\"urlTemplate\":\"https:\/\/www.sy-maya.de\/home\/?s={search_term_string}\"},\"query-input\":{\"@type\":\"PropertyValueSpecification\",\"valueRequired\":true,\"valueName\":\"search_term_string\"}}],\"inLanguage\":\"de\"},{\"@type\":[\"Person\",\"Organization\"],\"@id\":\"https:\/\/www.sy-maya.de\/home\/#\/schema\/person\/c5267d9235b4e39503e75a219168c270\",\"name\":\"Tobias\",\"image\":{\"@type\":\"ImageObject\",\"inLanguage\":\"de\",\"@id\":\"https:\/\/www.sy-maya.de\/home\/#\/schema\/person\/image\/\",\"url\":\"https:\/\/www.sy-maya.de\/home\/wp-content\/uploads\/2018\/02\/cropped-SY-Maya150x150-1.png\",\"contentUrl\":\"https:\/\/www.sy-maya.de\/home\/wp-content\/uploads\/2018\/02\/cropped-SY-Maya150x150-1.png\",\"width\":150,\"height\":150,\"caption\":\"Tobias\"},\"logo\":{\"@id\":\"https:\/\/www.sy-maya.de\/home\/#\/schema\/person\/image\/\"}}]}<\/script>\n<!-- \/ Yoast SEO plugin. -->","yoast_head_json":{"title":"Home &#8211; SY-Maya.de Segelblog von Tobias Endre\u00df","description":"Segelyacht Maya: Das Reise- und Segelblog von Tobias Endre\u00df. Ich schreibe \u00fcber meine Weltreise mit einer Najad 34 Segelyacht auf der Barfu\u00dfrute.","robots":{"index":"index","follow":"follow","max-snippet":"max-snippet:-1","max-image-preview":"max-image-preview:large","max-video-preview":"max-video-preview:-1"},"canonical":"https:\/\/www.sy-maya.de\/home\/","og_locale":"de_DE","og_type":"article","og_title":"Home &#8211; SY-Maya.de Segelblog von Tobias Endre\u00df","og_description":"Segelyacht Maya: Das Reise- und Segelblog von Tobias Endre\u00df. Ich schreibe \u00fcber meine Weltreise mit einer Najad 34 Segelyacht auf der Barfu\u00dfrute.","og_url":"https:\/\/www.sy-maya.de\/home\/","og_site_name":"SY-Maya.de","article_modified_time":"2022-07-02T10:26:12+00:00","og_image":[{"width":2016,"height":1512,"url":"https:\/\/www.sy-maya.de\/home\/wp-content\/uploads\/2019\/06\/Yacht_Maya_Falmouth-1.jpg","type":"image\/jpeg"}],"twitter_card":"summary_large_image","twitter_misc":{"Gesch\u00e4tzte Lesezeit":"2\u00a0Minuten"},"schema":{"@context":"https:\/\/schema.org","@graph":[{"@type":"WebPage","@id":"https:\/\/www.sy-maya.de\/home\/","url":"https:\/\/www.sy-maya.de\/home\/","name":"Home &#8211; SY-Maya.de Segelblog von Tobias Endre\u00df","isPartOf":{"@id":"https:\/\/www.sy-maya.de\/home\/#website"},"primaryImageOfPage":{"@id":"https:\/\/www.sy-maya.de\/home\/#primaryimage"},"image":{"@id":"https:\/\/www.sy-maya.de\/home\/#primaryimage"},"thumbnailUrl":"https:\/\/www.sy-maya.de\/home\/wp-content\/uploads\/2019\/06\/Yacht_Maya_Falmouth-1.jpg","datePublished":"2017-10-01T19:00:49+00:00","dateModified":"2022-07-02T10:26:12+00:00","description":"Segelyacht Maya: Das Reise- und Segelblog von Tobias Endre\u00df. Ich schreibe \u00fcber meine Weltreise mit einer Najad 34 Segelyacht auf der Barfu\u00dfrute.","breadcrumb":{"@id":"https:\/\/www.sy-maya.de\/home\/#breadcrumb"},"inLanguage":"de","potentialAction":[{"@type":"ReadAction","target":["https:\/\/www.sy-maya.de\/home\/"]}]},{"@type":"ImageObject","inLanguage":"de","@id":"https:\/\/www.sy-maya.de\/home\/#primaryimage","url":"https:\/\/www.sy-maya.de\/home\/wp-content\/uploads\/2019\/06\/Yacht_Maya_Falmouth-1.jpg","contentUrl":"https:\/\/www.sy-maya.de\/home\/wp-content\/uploads\/2019\/06\/Yacht_Maya_Falmouth-1.jpg","width":2016,"height":1512,"caption":"Yacht MAYA"},{"@type":"BreadcrumbList","@id":"https:\/\/www.sy-maya.de\/home\/#breadcrumb","itemListElement":[{"@type":"ListItem","position":1,"name":"Startseite","item":"https:\/\/www.sy-maya.de\/home\/"},{"@type":"ListItem","position":2,"name":"Home"}]},{"@type":"WebSite","@id":"https:\/\/www.sy-maya.de\/home\/#website","url":"https:\/\/www.sy-maya.de\/home\/","name":"SY-Maya.de","description":"Cruising and Living","publisher":{"@id":"https:\/\/www.sy-maya.de\/home\/#\/schema\/person\/c5267d9235b4e39503e75a219168c270"},"potentialAction":[{"@type":"SearchAction","target":{"@type":"EntryPoint","urlTemplate":"https:\/\/www.sy-maya.de\/home\/?s={search_term_string}"},"query-input":{"@type":"PropertyValueSpecification","valueRequired":true,"valueName":"search_term_string"}}],"inLanguage":"de"},{"@type":["Person","Organization"],"@id":"https:\/\/www.sy-maya.de\/home\/#\/schema\/person\/c5267d9235b4e39503e75a219168c270","name":"Tobias","image":{"@type":"ImageObject","inLanguage":"de","@id":"https:\/\/www.sy-maya.de\/home\/#\/schema\/person\/image\/","url":"https:\/\/www.sy-maya.de\/home\/wp-content\/uploads\/2018\/02\/cropped-SY-Maya150x150-1.png","contentUrl":"https:\/\/www.sy-maya.de\/home\/wp-content\/uploads\/2018\/02\/cropped-SY-Maya150x150-1.png","width":150,"height":150,"caption":"Tobias"},"logo":{"@id":"https:\/\/www.sy-maya.de\/home\/#\/schema\/person\/image\/"}}]}},"_links":{"self":[{"href":"https:\/\/www.sy-maya.de\/home\/wp-json\/wp\/v2\/pages\/47"}],"collection":[{"href":"https:\/\/www.sy-maya.de\/home\/wp-json\/wp\/v2\/pages"}],"about":[{"href":"https:\/\/www.sy-maya.de\/home\/wp-json\/wp\/v2\/types\/page"}],"author":[{"embeddable":true,"href":"https:\/\/www.sy-maya.de\/home\/wp-json\/wp\/v2\/users\/1"}],"replies":[{"embeddable":true,"href":"https:\/\/www.sy-maya.de\/home\/wp-json\/wp\/v2\/comments?post=47"}],"version-history":[{"count":10,"href":"https:\/\/www.sy-maya.de\/home\/wp-json\/wp\/v2\/pages\/47\/revisions"}],"predecessor-version":[{"id":3777,"href":"https:\/\/www.sy-maya.de\/home\/wp-json\/wp\/v2\/pages\/47\/revisions\/3777"}],"wp:featuredmedia":[{"embeddable":true,"href":"https:\/\/www.sy-maya.de\/home\/wp-json\/wp\/v2\/media\/1581"}],"wp:attachment":[{"href":"https:\/\/www.sy-maya.de\/home\/wp-json\/wp\/v2\/media?parent=47"}],"curies":[{"name":"wp","href":"https:\/\/api.w.org\/{rel}","templated":true}]}}